17
Let o(q) = -30*q**2 - 3*q. What is o(-1)?
-27
Let c(m) = m**2 + 7*m + 11. What is c(-6)?
5
Let g(a) = a**2 + 2*a + 8. What is g(0)?
8
Let q(t) = -2*t - 6. Give q(-5).
4
Let c(m) = -m**3 - 6*m**2 + 5*m - 8. Calculate c(-7).
6
Let j(s) = 3*s + 32. What is j(-13)?
-7
Let f(r) = -r**2 + r + 18. What is f(5)?
-2
Let o(n) = -n**3 + 8*n**2 - 7*n - 1. Give o(7).
-1
Let s(p) = -6*p - 10. Give s(-4).
14
Let p(i) = -2*i + 5. Calculate p(12).
-19
Let m(q) = 2*q**2 + 77*q + 118. What is m(-37)?
7
Let i(r) = -r**3 + 37*r**2 - 37*r + 37. What is i(36)?
1
Let s(p) = -p**3 - 15*p**2 + p + 5. What is s(-15)?
-10
Let w(b) = -3*b**2 - 15*b - 4. Calculate w(-4).
8
Let q(b) = 3*b - 63. Determine q(27).
18
Let h(y) = -y**2 - 15*y - 22. What is h(-12)?
14
Let f(q) = -14*q + 38. Calculate f(3).
-4
Let m(f) = f**2 + 7*f. What is m(-6)?
-6
Let n(w) = -w**3 - 7*w**2 + 57*w - 30. What is n(-12)?
6
Let s(g) = -g**3 - 31*g**2 - 59*g - 40. Determine s(-29).
-11
Let v(o) = o + 17. Give v(-6).
11
Let x(c) = -14*c - 77. Give x(-6).
7
Let i(b) = b - 31. Give i(9).
-22
Let q(g) = -g + 9. Determine q(4).
5
Let r(h) = -17*h + 1. Determine r(1).
-16
Let b(s) = s**3 + 2*s**2 - s. Give b(1).
2
Let k(u) = u - 6. Give k(2).
-4
Let n(a) = a**3 + 9*a**2 + a + 5. What is n(-9)?
-4
Let x(d) = 2*d - 35. Calculate x(8).
-19
Let o(q) = -72*q + 270. Calculate o(4).
-18
Let b(k) = k**2 + 22*k - 222. Give b(8).
18
Let l(r) = r**3 + 8*r**2 - 10*r - 9. Calculate l(-8).
71
Let k(z) = 7*z - 10. What is k(0)?
-10
Let m(q) = -q**3 - 13*q**2 + 16*q - 31. Give m(-14).
-59
Let h(o) = 3*o + 16. Determine h(-9).
-11
Let y(g) = 3*g**3 - 7*g**2 - 5*g + 6. Determine y(2).
-8
Let k(s) = 15*s + 121. Calculate k(-10).
-29
Let f(u) = u**3 + 5*u**2 + 3*u - 2. Calculate f(-5).
-17
Let i(d) = d + 10. Determine i(-13).
-3
Let s(v) = v**3 + 11*v**2 + v - 3. Determine s(-11).
-14
Let a(c) = c**3 + 13*c**2 + 28*c - 16. Determine a(-10).
4
Let n(p) = -p**3 + 19*p**2 + 11*p + 172. What is n(20)?
-8
Let s(n) = -n**2 - 3*n + 16. Determine s(3).
-2
Let z(x) = x**3 + 6*x**2 + 5. Determine z(-6).
5
Let y(k) = -k**3 - 4*k**2 + 3*k + 1. Give y(-4).
-11
Let b(p) = -p**3 + 19*p**2 - 18*p - 1. What is b(18)?
-1
Let p(y) = -y**3 + y**2 + 3*y + 8. Calculate p(3).
-1
Let t(l) = -43*l - 123. What is t(-3)?
6
Let b(y) = 93*y - 2. Determine b(-1).
-95
Let y(m) = -2*m**2 + 26*m + 23. Determine y(14).
-5
Let v(p) = 15*p**3 - p**2 + 2*p - 1. Give v(1).
15
Let t(d) = -2*d**2 - 4*d - 2. Give t(3).
-32
Let u(s) = -8*s + 8. What is u(5)?
-32
Let w(i) = i**2 + 30*i + 224. Calculate w(-14).
0
Let w(b) = b**2 - 21*b - 3. Give w(21).
-3
Let z(f) = 7*f**2 + 12*f + 37. Give z(-5).
152
Let q(h) = -h + 15. Give q(11).
4
Let j(z) = 3*z**2 - 51*z + 201. Calculate j(11).
3
Let y(d) = -2*d**3 + 9*d**2 + 7*d - 7. Determine y(5).
3
Let p(s) = -6*s**2 - 44*s - 46. What is p(-6)?
2
Let i(h) = -4*h - 9. Calculate i(4).
-25
Let g(v) = -10*v - 236. Determine g(-22).
-16
Let m(s) = -s**3 - 16*s**2 - 11*s + 39. Determine m(-15).
-21
Let f(q) = 18*q + 33. Calculate f(-3).
-21
Let a(j) = -j**3 + 2*j**2 - 2*j - 1. Determine a(2).
-5
Let i(z) = z**3 + 6*z**2 + 5*z - 4. What is i(-4)?
8
Let p(c) = -c**2 + 3*c + 20. What is p(-5)?
-20
Let b(t) = -t**2 + t - 1. Calculate b(5).
-21
Let u(c) = -38*c**2 + 2. Determine u(1).
-36
Let i(a) = a**3 + 7*a**2 + 7*a + 8. Give i(-6).
2
Let w(t) = -9*t**3 - 1. Give w(-1).
8
Let c(b) = b**3 - 16*b**2 - 17*b + 6. Determine c(17).
6
Let g(r) = -4*r**2 + 10*r + 13. Determine g(4).
-11
Let y(d) = d**3 - 9*d**2 - 4*d + 13. Calculate y(9).
-23
Let t(z) = -2*z**2 + z + 1. Calculate t(-2).
-9
Let z(a) = -a**3 + 3*a**2 + 4*a - 7. Give z(4).
-7
Let d(s) = 3*s**3 + s**2 + 2*s + 1. Determine d(-1).
-3
Let g(r) = -r**3 - 3*r**2 + 8*r + 10. Calculate g(-4).
-6
Let u(s) = -s**2 - s + 1. Determine u(0).
1
Let w(x) = 4*x + 79. Calculate w(-22).
-9
Let x(q) = -2*q**3 + 16*q**2 + 68*q - 11. Calculate x(11).
11
Let z(r) = -7*r - 56. Determine z(-7).
-7
Let t(v) = 2*v**2 + 83*v - 313. Determine t(-45).
2
Let h(f) = 6*f - 153. What is h(25)?
-3
Let c(a) = 3*a - 2. Determine c(2).
4
Let f(z) = z**2 - 12*z + 12. Determine f(10).
-8
Let c(m) = -m**2 + 11*m + 39. Give c(13).
13
Let i(j) = j**3 - 52*j**2 + 101*j - 32. Determine i(50).
18
Let l(y) = -y - 43. Determine l(-17).
-26
Let g(i) = -i**3 - 6*i**2 + 9. What is g(-6)?
9
Let a(w) = w**3 + 2*w**2 - 2*w + 12. What is a(0)?
12
Let l(v) = 37*v + 437. Give l(-12).
-7
Let n(f) = f**3 - 17*f**2 - 60*f + 8. What is n(20)?
8
Let h(i) = 4*i + 10. Determine h(-5).
-10
Let j(t) = 10*t - 11. Determine j(-3).
-41
Let z(g) = -g**3 - 16*g**2 - 24*g + 27. What is z(-14)?
-29
Let c(x) = -x**3 + 15*x**2 - 20*x - 29. Give c(13).
49
Let v(z) = z**3 - 29*z**2 + 6*z - 175. Give v(29).
-1
Let r(y) = -2*y**2 - 134*y + 273. Determine r(-69).
-3
Let q(b) = -b**3 - 6*b**2 - 7*b - 10. Determine q(-5).
0
Let y(n) = -13*n**2 + n + 1. What is y(-1)?
-13
Let c(i) = -6*i - 68. Determine c(-12).
4
Let k(p) = p**2 - 15*p + 66. What is k(7)?
10
Let p(t) = 3*t - 51. What is p(20)?
9
Let h(m) = -4*m. What is h(3)?
-12
Let o(u) = -3*u - 53. What is o(-15)?
-8
Let m(t) = -62*t + 1055. Give m(17).
1
Let h(a) = a**3 + a**2 - 7*a - 8. Give h(-3).
-5
Let y(l) = -l**3 - 13*l**2 + 2*l + 19. What is y(-13)?
-7
Let d(b) = b - 1. Calculate d(-1).
-2
Let i(j) = -4*j - 15. Determine i(-7).
13
Let k(h) = 15*h - 50. Calculate k(-8).
-170
Let t(d) = -2*d. Calculate t(-7).
14
Let f(m) = -m**3 + m**2 - 51. What is f(0)?
-51
Let j(l) = l**2 - 17*l + 18. What is j(15)?
-12
Let c(y) = 6*y**3 - 2*y**2 + 3*y. Calculate c(2).
46
Let j(g) = -4*g**2 + 44*g - 30. Determine j(10).
10
Let z(o) = o**3 - 6*o**2 + 5. Determine z(6).
5
Let n(r) = r**2 + 6*r - 13. Calculate n(-7).
-6
Let p(s) = 3*s - 14. Give p(5).
1
Let r(f) = f**3 - 9*f**2 + 11*f + 6. Give r(8).
30
Let m(z) = 20*z + 78. Determine m(-4).
-2
Let r(x) = -6*x - 9. What is r(-6)?
27
Let f(m) = -m**3 - 6*m**2 + 8*m + 2. Determine f(-7).
-5
Let u(k) = -k**3 - 5*k**2 - k. What is u(-3)?
-15
Let r(w) = -3*w**2 - 2*w + 1. Give r(-2).
-7
Let t(d) = -d**2 - 3*d + 38. Calculate t(4).
10
Let t(n) = -89*n**2 - 9*n - 9. What is t(-1)?
-89
Let t(b) = 8*b**2 + 4*b + 6. Give t(-3).
66
Let l(v) = -v**2 - 11*v + 1. What is l(-11)?
1
Let g(u) = -2*u**3 + 42*u**2 + 46*u - 7. Calculate g(22).
37
Let v(z) = -z**2 - 12*z - 8. What is v(-11)?
3
Let w(d) = -2*d - 10. What is w(-9)?
8
Let z(r) = 6*r + 3. Give z(-4).
-21
Let b(l) = l**3 + 16*l**2 - 18*l + 2. Calculate b(-17).
19
Let s(j) = -j**3 - 12*j**2 + 3. What is s(-12)?
3
Let s(k) = -k**3 + 6*k**2 - 4. Calculate s(6).
-4
Let f(x) = -2*x**3 + 73*x**2 - 37*x + 42. Give f(36).
6
Let g(h) = 8*h + 32. Calculate g(-6).
-16
Let t(w) = 3*w - 17. What is t(5)?
-2
Let h(j) = -j**3 + 10*j**2 - 4*j - 13. Calculate h(9).
32
Let l(q) = 2*q**3 + q**2 - 2*q - 2. Determine l(0).
-2
Let s(n) = 95*n + 284. Give s(-3).
-1
Let b(q) = -q**3 + 19*q**2 - 90*q + 10. Calculate b(8).
-6
Let j(o) = -2*o - 7. Determine j(13).
-33
Let i(b) = 3*b - 1. Calculate i(-2).
-7
Let m(d) = -d**2 - 2*d - 5. Determine m(-3).
-8
Let z(b) = b**3 + 2*b. What is z(-4)?
-72
Let j(f) = -f + 2. Give j(15).
-13
Let n(q) = -3*q**2 - q + 7. Calculate n(5).
-73
Let w(k) = -k**3 + 5*k**2 + 13*k - 6. Give w(0).
-6
Let v(z) = z**2 + z - 9. Give v(0).
-9
Let x(t) = -46*t + 3. Calculate x(-2).
95
Let y(l) = 8*l**3 + 38*l**2 - 14*l - 17. Give y(-5).
3
Let w(j) = j**3 + 31*j**2 - 3*j - 98. Determine w(-31).
-5
Let n(z) = z**3 + 9*z**2 + 6*z - 15. Calculate n(-8).
1
Let m(i) = 10*i + 9. Calculate m(-1).
-1
Let m(d) = -d**3 - 19*d**2 + 4. Calculate m(-19).
4
Let p(u) = u**3 - 14*u**2 + 20*u + 52. Determine p(12).
4
Let h(u) = -u**3 - 5*u**2 - u + 15. Give h(0).
15
Let a(q) = -q - 7. Give a(5).
-12
Let v(l) = 2*l**3 + 8*l**2 + 4*l - 4. Calculate v(-5).
-74
Let p(s) = -12*s**3 - 3*s - 2. Determine p(-1).
13
Let x(w) = -4*w - 24. Calculate x(-11).
20
Let y(k) = -3*k**2 - 13*k + 20. Give y(-6).
-10
Let z(g) = 7*g - 10. What is z(4)?
18
Let s(a) = -7*a - 20. What is s(-8)?
36
Let i(m) = -2*m. Calculate i(22).
-44
Let j(s) = -s**2 - 13*s - 37. Give j(-8).
3
Let t(k) = -k**3 - 15*k**2 - 23*k + 27. Give t(-13).
-12
Let h(u) = -u**2 + 8*u - 7. What is h(2)?
5
Let a(u) = u**2 + 7*u + 7. Calculate a(-8).
15
Let t(q) = q**3 - 6*q**2 + 3*q + 5. What